 -20220?
21010
In base 2, what is 1000111 + -111000?
1111
In base 10, what is -1074 - -5?
-1069
In base 4, what is 11220203 - -11?
11220220
In base 16, what is f5 + -1?
f4
In base 16, what is 981 + 0?
981
In base 15, what is -b - -55?
49
In base 11, what is 4 + 268?
271
In base 14, what is 167 - 3?
164
In base 13, what is -30b - 0?
-30b
In base 10, what is -4 - 1?
-5
In base 11, what is -1 - -603?
602
In base 2, what is -110 - -101011010?
101010100
In base 11, what is 772 - -a?
781
In base 13, what is -1 - 26?
-27
In base 4, what is -3 - -222?
213
In base 16, what is 4 - -301?
305
In base 13, what is -b + -131?
-13c
In base 2, what is 1001 + -1001001?
-1000000
In base 2, what is 1110111111 + 0?
1110111111
In base 15, what is -315 + -1?
-316
In base 4, what is -200113 - -2?
-200111
In base 11, what is 1124 - -5?
1129
In base 5, what is 3 - 1024?
-1021
In base 6, what is -11 - 425?
-440
In base 3, what is -12 + -202?
-221
In base 10, what is -2 + 536?
534
In base 10, what is 1 + -13?
-12
In base 15, what is -4 + -e3?
-e7
In base 16, what is 5 - -46?
4b
In base 5, what is 2 - 4012?
-4010
In base 12, what is 42b2 - -4?
42b6
In base 5, what is 13 + 33?
101
In base 12, what is 1 + 14?
15
In base 14, what is 13 - -192?
1a5
In base 13, what is 0 + -33?
-33
In base 3, what is -11 - -120?
102
In base 7, what is 3 + -1304?
-1301
In base 11, what is 3 - 1648?
-1645
In base 4, what is 21012 + 11?
21023
In base 2, what is -110001110 - -100?
-110001010
In base 4, what is 0 - -111132?
111132
In base 9, what is 5 + 56?
62
In base 8, what is -5 - -2?
-3
In base 9, what is -7 + -27?
-35
In base 9, what is -3 - 27?
-31
In base 3, what is 120 + -20011?
-12121
In base 9, what is 3 - 15?
-12
In base 14, what is 2 + -1d1?
-1cd
In base 10, what is -808 + 38?
-770
In base 7, what is 364 + 20?
414
In base 9, what is -35 + 2?
-33
In base 12, what is -1 + -210?
-211
In base 8, what is -30 + -5?
-35
In base 15, what is 3d + 7?
45
In base 5, what is 2022 - 10?
2012
In base 5, what is -14 - 2?
-21
In base 6, what is 12 + -304?
-252
In base 12, what is -4 + 20a?
206
In base 10, what is -1 + 27?
26
In base 15, what is -1c + 7?
-15
In base 7, what is 5 + -1506?
-1501
In base 7, what is 24 + 41?
65
In base 7, what is 40 - -416?
456
In base 15, what is 3 - a6?
-a3
In base 6, what is 143 - -113?
300
In base 7, what is -3343 - -4?
-3336
In base 7, what is 433 + 2?
435
In base 10, what is -3 + -507?
-510
In base 16, what is e2 - 1?
e1
In base 2, what is 100 - -11110010?
11110110
In base 2, what is -1 - -1011100?
1011011
In base 2, what is -100 - 1100011100?
-1100100000
In base 9, what is 3 - 1840?
-1836
In base 4, what is 113 + 311?
1030
In base 3, what is -1121 - 101?
-1222
In base 9, what is 2 - 5?
-3
In base 9, what is -217 - 164?
-382
In base 16, what is 8 + ae?
b6
In base 11, what is 2 - 22?
-20
In base 9, what is -1 + 1131?
1130
In base 2, what is -11 - 1101000100?
-1101000111
In base 8, what is 5 + -22?
-15
In base 13, what is -5c62 + -2?
-5c64
In base 9, what is -6075 + -3?
-6078
In base 16, what is 4 - -6b?
6f
In base 2, what is 1000101 - 1000?
111101
In base 15, what is -3 + 1a5?
1a2
In base 15, what is 16 + dc?
103
In base 3, what is -10111 - 12?
-10200
In base 3, what is -21202212 + 12?
-21202200
In base 3, what is -11012 + -21?
-11110
In base 6, what is -1 + 2344?
2343
In base 2, what is -110100 - 101011?
-1011111
In base 6, what is -5313 - -1?
-5312
In base 12, what is -18ba - -2?
-18b8
In base 4, what is 10 + -1332?
-1322
In base 15, what is -4 - -1a6?
1a2
In base 15, what is -4 + -2a?
-2e
In base 10, what is -1 - -32?
31
In base 6, what is 10 + 451?
501
In base 6, what is 102322 + 3?
102325
In base 3, what is -1020211 - -210?
-1020001
In base 5, what is -12342 - 14?
-12411
In base 5, what is 10 + 2041?
2101
In base 13, what is 1ab5 + -1?
1ab4
In base 13, what is -85 + 0?
-85
In base 8, what is -14 - -114?
100
In base 2, what is -10010010101 - 10001?
-10010100110
In base 11, what is 133 - 9?
125
In base 2, what is -100100 - 1000?
-101100
In base 11, what is -3 + 6a?
67
In base 4, what is -31201 - 3?
-31210
In base 11, what is -43 - -5?
-39
In base 10, what is -44 + 2?
-42
In base 4, what is -3 - 303?
-312
In base 4, what is 10 + 2013?
2023
In base 13, what is 4 + 748?
74c
In base 15, what is -7 + -21?
-28
In base 15, what is 7 - 291?
-289
In base 16, what is 1c1 + 3?
1c4
In base 11, what is -203 + 2?
-201
In base 7, what is -11 + 64?
53
In base 8, what is -55 + 25?
-30
In base 9, what is -71 - 271?
-352
In base 6, what is 0 - -2112?
2112
In base 4, what is 11302 + -3?
11233
In base 7, what is 110 - -231?
341
In base 12, what is 0 + -10?
-10
In base 6, what is -13231 + 3?
-13224
In base 13, what is -74 - 28?
-9c
In base 8, what is -14 - -661?
645
In base 11, what is -2 + -2270?
-2272
In base 14, what is 5 + -738?
-733
In base 13, what is -27 - -2b?
4
In base 13, what is -24 + 2?
-22
In base 5, what is 20 - 0?
20
In base 9, what is -1045 - -6?
-1038
In base 12, what is -57 + 0?
-57
In base 7, what is 111 + -60?
21
In base 13, what is 3 + 256?
259
In base 11, what is 5 + -171?
-167
In base 16, what is 6 - -1e?
24
In base 15, what is -3 - -5eb?
5e8
In base 15, what is -3 - -261?
25d
In base 2, what is 11 - 100011101?
-100011010
In base 11, what is 456 + 5?
460
In base 2, what is 100010010 + -11101?
11110101
In base 15, what is 22 + -1b?
6
In base 7, what is -5 + 463?
455
In base 13, what is -632 - -3?
-62c
In base 11, what is 3 - 70?
-68
In base 8, what is -122 - 46?
-170
In base 5, what is 0 + 214?
214
In base 10, what is 3 - 124?
-121
In base 15, what is -4 + -30?
-34
In base 11, what is 4 - 981?
-978
In base 15, what is 4 - -e4?
e8
In base 7, what is 2 - -162?
164
In base 14, what is -12 - -301?
2cd
In base 15, what is 7 - 24?
-1c
In base 14, what is a - 140?
-134
In base 4, what is 12 + -301?
-223
In base 5, what is 144 - 3?
141
In base 4, what is 13122 - 31?
13031
In base 13, what is 9 + -61?
-55
In base 9, what is 76 + 4?
81
In base 12, what is -179b - -9?
-1792
In base 3, what is 102100000 + 2?
102100002
In base 8, what is -2 - -130?
126
In base 3, what is 1021112102 - 2?
1021112100
In base 6, what is -33 - 532?
-1005
In base 3, what is 2021 + 1?
2022
In base 8, what is 1074 + 1?
1075
In base 9, what is 2 + -105?
-103
In base 11, what is -5 + -185?
-18a
In base 4, what is 100203 + 2?
100211
In base 4, what is 222312 + 0?
222312
In base 14, what is -5 + -23b?
-242
In base 8, what is 16 + -146?
-130
In base 9, what is -5 + -6536?
-6542
In base 12, what is 3 + 325?
328
In base 6, what is -12 + 32?
20
In base 15, what is 37 - -3a?
72
In base 6, what is 423 + -1?
422
In base 10, what is 888 + -5?
883
In base 6, what is -2222 - -4?
-2214
In base 3, what is -2 + 200112?
200110
In base 15, what is 5 - -2d?
33
In base 6, what is -10015 + -2?
-10021
In base 13, what is -4c6 + 6?
-4c0
In base 2, what is -11 + 1100111?
1100100
In base 11, what is 6 - 38?
-32
In base 6, what is 2 - -533?
535
In base 10, what is -2 + -73?
-75
In base 14, what is -43a - -2?
-438
In base 10, what is 44 + -4?
40
In base 8, what is 175 + 25?
222
In base 5, what is 4 + 230?
234
In base 4, what is -12 - 2130?
-2202
In base 15, what is 3 + a0b?
a0e
In base 6, what is 5 + -135?
-130
In base 12, what is 2b - 0?
2b
In base 13, what is 0 - 66?
-66
In base 3, what is 1211 + 12?
2000
In base 7, what is -45 - -4?
-41
In base 4, what is -12 - -12320?
12302
In base 14, what is 0 - -66?
66
In base 10, what is -26 - 4?
-30
In base 15, what is -102 - -1d?
-d4
In base 6, what is -3 - 1?
-4
In base 9, what is 30 - 14?
15
In base 6, what is 1113 + 0?
1113
In base 5, what is -32 + 11?
-21
In base 11, what is -37 + -24?
-60
In base 3, what is 12 + -1020?
-1001
In base 14, what is -1b + -6?
-23
In base 5, what is -424 - -10?
-414
In base 15, what is -35 - -4?
-31
In base 2, what is 100110 + -1100100?
-111110
In base 10, what is 915 - -4?
919
In base 4, what is -113 - 1?
-120
In base 7, what is -63061 + -3?
-63064
In base 5, what is 10 + 42221?
42231
In base 13, what is -4 + -756?
-75a
In base 2, what is 11011 + 0?
11011
In base 11, what is -3 - 1aa4?
-1aa7
In base 6, what is -222 + -34?
-300
In base 7, what is -4 + -24?
-31
In base 5, what is -10 - -13433?
13423
In base 16, what is 6 - 16d4?
-16ce
In base 5, what i